 + 27?
20
Evaluate 6 + (-4 - (26 - (-6 + -9))).
-39
Calculate (15 - 4 - 45) + 19.
-15
Evaluate 19 + (-19 - (-15 - -14)).
1
Calculate 283 - 275 - (-7 + -2).
17
(-1 - -2) + (-1 - 4 - 3 - 1)
-8
Calculate -31 + (4 - 8) - -8 - -10.
-17
Evaluate -1 + -1 + (12 - 18) + 3.
-5
Calculate -6 + 22 + 9 - 14.
11
What is (-17 - -2) + 9 - 9?
-15
6 - (4 + 10 - 12) - -13
17
Evaluate 14 - 23 - (-17 + -8 + 0).
16
What is -2 - -3 - 12 - (-200 + 194)?
-5
What is -37 + 16 + (15 - 9)?
-15
What is 6 - ((0 - -2 - 0) + -16 + 13)?
7
What is the value of -3 + 3 + (-12 + 22 - 20)?
-10
Evaluate 17 - 17 - (-9 + 10 - (-1 - -15)).
13
Calculate (-1 - -15) + -26 + 23.
11
What is 8 + 1 + (19 + -11 - (4 + 43))?
-30
-12 + -1 - (-2 + 1) - -5
-7
-6 + -13 + (7 - 2) + 0
-14
What is (-16 - (12 + -19 + 8)) + 46?
29
What is -9 - ((15 - 40) + 8)?
8
What is the value of -11 - (-9 + (4 - -16) + -26)?
4
What is 323 - 315 - (-6 + 0)?
14
What is (-19 + (3 - 9) - 2) + (6 - -1)?
-20
What is (3 + 2 + 11 - (57 + -48)) + 1?
8
Calculate 71 + -49 - (5 + 6 + -4).
15
What is -2 + -2 - ((-20 - -10) + -1)?
7
Calculate (15 - 14) + 23 + (-6 + 4 - -3).
25
Evaluate 25 - (1 + 1) - ((16 - 20) + 9).
18
What is the value of 2 + -4 + -7 + 7 + -8 + 37?
27
What is the value of (-1 - 1) + (4 - 0 - (2 - 1))?
1
42 + -28 + 17 + -8 - (-2 - 5)
30
Calculate -4 + (-38 - (-46 + 15)).
-11
Evaluate 41 - 37 - -24 - -6.
34
(-30 - 1) + (16 - -7)
-8
What is (-2 - -21) + -23 - -14?
10
-14 - (-4 + 5) - -26
11
What is (14 + -6 - 5) + 5 + -12?
-4
Calculate -3 - 0 - (0 + 6 + 2).
-11
(1 - (4 + -4)) + 5 + -7
-1
Evaluate -4 - ((-7 - (17 + -23)) + (9 - -1)).
-13
9 + -16 + 3 + (-3 - (-4 + 6))
-9
Calculate -6 - -19 - -5 - (4 + 5).
9
Calculate (-8 - 1) + -4 - (18 + -20).
-11
Evaluate -7 - -5 - -1 - -6 - (7 - 2).
0
What is the value of 2 - -21 - 3 - 34?
-14
What is 12 + 2 + -11 + 4 + (4 - -2)?
13
Calculate (-14 - (2 - 35)) + (4 - 10) + -3.
10
Evaluate -11 + -8 + 21 + 2 + -6 + 0.
-2
-5 + 9 + (-7 - 5) + 11
3
What is 3 - (9 - (-31 + 48))?
11
What is the value of -9 + -5 - (-3 - 7)?
-4
Calculate 0 + -29 - (-32 - -11 - -6).
-14
What is the value of (-1 - 12) + 239 + -230?
-4
What is the value of 3 + -25 + (-14 + -1 - -23)?
-14
What is 19 - (6 - 8) - -10?
31
Calculate -1 + -14 + (22 - 8).
-1
19 - 31 - (4 + (4 - 2) + 3)
-21
What is 3 - (6 - 2) - (-2 - (-19 - -20))?
2
Calculate 1 + -4 - (-19 + -4 + 7).
13
What is the value of -30 - -26 - (5 - 2)?
-7
Evaluate 34 - 7 - (-68 + 85).
10
Evaluate -11 - 0 - (-1 - (7 - (7 + 0))).
-10
What is the value of 10 - (-2 + (12 + -16 - -2))?
14
What is the value of 6 - (10 - ((3 - -2) + (-2 - 1)))?
-2
-7 - 7 - -10 - (-14 + -3)
13
What is (-4 + 7 - 11) + (3 - 2) + 2?
-5
11 - 5 - 1 - 13 - (-22 + -1)
15
What is -13 + (8 - (-25 - -4))?
16
Evaluate (-11 - (-14 - 3)) + -23.
-17
Calculate (15 - 1 - 4) + (-10 - -14).
14
6 + -14 + -23 + 41
10
What is the value of -4 + 3 - -4 - ((0 - 34) + 12)?
25
9 + -4 + 19 + -47
-23
(-1 + 8 - (8 + -1)) + -2 + -31
-33
Calculate 17 + (-11 - (-8 - -1) - 6).
7
What is the value of 36 + 0 + -2 + (294 - 304)?
24
10 + -2 + (-2 + -5 - (2 - 19))
18
What is -25 - (4 - (5 + 0 + -1 + 2))?
-23
Calculate -15 + 17 + (15 - 6).
11
What is the value of (4 - 1) + -7 + 0 + 3 - 3?
-4
What is (8 - 25 - 17) + 31?
-3
What is the value of (2 - -9) + (-6 - (-6 + -15)) + -18?
8
Calculate (-2 - (10 + 1 + -17)) + -3.
1
7 + -6 + (-7 - -4 - 0) - -2
0
Evaluate (18 + -11 - 8) + -3 + 2 + -6.
-8
Calculate 8 + (-18 - -31 - (1 + 8)).
12
(67 - 64) + -13 + 20
10
What is the value of 7 + 7 + (21 + -21 - (1 + 24))?
-11
-56 - -35 - -4 - -17
0
Calculate 35 - (-25 + 13 - -70).
-23
Calculate -26 - (3 + -8) - -26.
5
Evaluate -38 + (2 + 38 - 27).
-25
Evaluate (-26 + 1 - -37) + 9 + -5.
16
Calculate 4 + -3 - (-14 - (14 + -34)).
-5
What is the value of (-6 - -32) + -103 + 82?
5
What is -5 + -1 - (-9 - 6)?
9
Evaluate -56 + 51 + 7 + -4.
-2
1 + -3 + -3 + 9 + -8
-4
Evaluate -7 - (31 + -32 - (-1 + 7)).
0
What is the value of 3 + 0 + 5 + -11 + 4 - -4?
5
Calculate (2 - (6 - -1)) + (4 - 0) - -8.
7
Calculate -13 + -9 + (3 - -10) - (1 - 25).
15
4 + (1 - -5) - ((-8 - -3) + 12)
3
-10 + (-14 - -22) + -6
-8
Calculate -16 - (-21 - -16) - -23.
12
Calculate -5 - -2 - (-9 - (-6 + (4 - 5))).
-1
Calculate (-8 - (-27 + 4 + 12)) + 30.
33
Evaluate (36 - 34) + -16 - (-3 - 45).
34
Evaluate 2 + -5 - (9 + -4 + 8).
-16
Calculate -21 + 13 + (7 - 5).
-6
What is the value of 29 + 0 + -52 + 5?
-18
What is the value of -6 - 9 - (-24 + 2)?
7
Calculate (1 - 4 - 10) + (8 - 2).
-7
Evaluate (6 - 1) + (4 - 10) - -3.
2
Evaluate 14 - (-4 - -9) - 10 - 2 - 15.
-18
Calculate 1 - 34 - (-173 - -155).
-15
Calculate 2427 + -2435 - (10 - (-2 + 1)).
-19
Evaluate -2 - (-5 + -10 - -7).
6
(1 - 30) + 37 - (-1 + -4)
13
Evaluate -7 - (7 + -17 + -1).
4
6 - (-7 + 18) - (8 + -22 - -21)
-12
What is the value of -54 + 49 - (-19 + 11 - (0 + -4))?
-1
What is the value of 36 + -44 + (-5 - -3)?
-10
Evaluate 3 + ((-7 - -19) + -7 - 2).
6
Calculate (5 - (5 + -3)) + (7 - -4 - 11).
3
What is -5 - (-23 - -16 - (6 + -4 + -12))?
-8
Evaluate 10 + 2 + -14 - 13 - -19.
4
2 + -3 - ((-14 - -4) + 9 - -2)
-2
(-2 - -5 - 1) + 1 + 27 + -43
-13
What is -2 + 5 - (1 - (-3 + 3))?
2
Calculate 5 - (-9 - (-3 + -12) - (-7 + 36)).
28
-13 - (27 + -4 - 26)
-10
Calculate 6 - (13 + 15 + -16).
-6
What is -30 + 1 + -2 + 7 + 6?
-18
What is -33 + 13 - (-56 - -44)?
-8
(9 - 15) + (-11 - -15) + -1 + 10
7
Evaluate (5 - 2) + 0 + (13 - 19 - -2).
-1
Evaluate (-1 - 3) + (-38 + 16 - -20).
-6
Calculate 7 + -70 + 74 + 0 + 1.
12
-32 - (-3 - 21 - (-4 + -2))
-14
What is the value of (1 - -1) + (14 - (-12 + 15 + 7))?
6
What is the value of 3 - 0 - (-167 + 169 - (0 - 1))?
0
Calculate (66 - 86) + -2 + 1 + 0.
-21
What is the value of 0 - -3 - (24 - (19 + 4))?
2
Calculate -29 - (8 + 1 - 25).
-13
Evaluate -279 + 265 + (0 - 1) + 2.
-13
Calculate 3 + -4 + (-12 + (3 - 3) - -8).
-5
Calculate -4 - (4 + (5 - (7 + -11 + 33))).
16
Evaluate -30 + (27 - -7) + -27.
-23
Evaluate 13 + (3 - 2) - 1 - (-15 + 16).
12
What is the value of 9 - (8 - (12 + -2 + -9))?
2
Evaluate -1 + -3 - 11 - -13 - -5.
3
-3 + 5 + 13 - 34
-19
Calculate 2 + (-13 - ((-5 - (-6 + 4)) + 3)).
-11
Evaluate -11 - (-3 - -2) - (-24 - -26).
-12
What is the value of -9 + 16 + -11 + 5 - 7?
-6
What is -3 - 0 - (9 - -11 - 27)?
4
Evaluate -3 + (2 - 2 - 1) - (-20 - -16).
0
Calculate (21 - 47) + 1 + 9 + -4 - 9.
-29
4 + (-1 + -3 - (8 + 24 - 19))
-13
What is -15 + (-5 - -1) + (4 - 1)?
-16
What is the value of -20 - (-1 + (-4 - 1)) - (-6 - -2)?
-10
What is (9 - (-4 - -6)) + 1 - 3?
5
What is 10 - (2 + (-3 - -9))?
2
Calculate (-8 - (-3 - 2)) + 5.
2
Calculate 16 + -17 + 5 + (-10 - (1 - 6)).
-1
Calculate -4 + -7 + (6 - -4) + -10.
-11
-7 + 32 - (5 - -32)
-12
Calculate (13 + (-9 - -2) - 5) + 0 + 6.
7
What is -91 + 91 - (-2 + (-1 - 0))?
3
Calculate 0 - 1 - (239 - 234).
-6
What is 8 + (-18 - -28) + -21?
-3
Calculate -5 - -12 - (4 - 9) - (-15 - -5).
22
Calculate (-12 + -7 - -13) + (-8 - -3 - -3).
-8
What is (-16 - -12) + (64 - 29)?
31
What is 36 - (-52 + 29 - -29)?
30
Calculate 0 + -1 + (17 - (3 + 13 + -7)).
7
What is the value of 7 + 0 - ((-7 - -2 - -10) + 0)?
2
What is (-8 - 1) + (3 - -3 - (-17 + 20))?
-6
What is the value of -1 + -1 + 1 + (1 - -1 - -2)?
3
What is the value of -3 - -74 - (51 + -12)?
32
0 - -3 - (-60 - -73)
-10
Calculate (-3 - (5 + -13)) + (2 - 4 - -1).
4
What is -5 + (-2 - -6) + 12?
11
9 + -9 + (3 - 4)
-1
What is the value of -1 - -1 - 3 - (-449 + 450)?
-4
Evaluate -49 + 41 - (-3 - -2 - (-6 + 6)).
-7
Evaluate (-70 - -71) + (8 + -4 - (0 + 23)).
-18
What is the value of 1 - 1 - (1 + -2) - (-102 - -102)?
1
What is the value of -10 + (-13 + 24 + 22 - 7)?
16
(59 - 55) + -9 + 4 + 1
0
Calculate 25 - 15 - 24 - (0 + 0).
-14
What is 7 - (37 + -27 + 14)?
-17
(-2 - (-4 + -5) - 0) + 7 + 6
20
Calculate 20 - (11 - -22 - 17).
4
What is (3 - (1 - 3)) + -6 + (-2 - -7)?
4
Evaluate -5 + 5 - 6 - (-3 + -3 + -20).
20
What is the value of (2 - 12) + 5 + 12 - (2 - 0)?
5
What is the value of (-4 - 15) + 5 - -3 - 7?
-18
Calculate (60 + -52 - 20) + (2 - 3).
-13
3 - 13 - (3 + (-3 + -4 - -4))
-10
Calculate 1 - -6 - (-1 - -2).
6
What is the value of (7 + -3 + 1 + 6 - 5) + 10?
16
Calculate -16 - (-16 - (-22 + 20)).
-2
Evaluate 17 - (22 - (18 + 3 - 8)).
8
(9 - 15) + -1 + -6
-13
What is (2 - 18) + 15 + 4 - 22?
-19
What is the value of -8